(p - (-25)/10)*(2 + 16).
25
Let d(r) = 5*r**2 - 178*r - 48. Suppose 2*k + 4*t - 376 = 0, 5*k + 2*t + 332 = 1272. Calculate the remainder when k is divided by d(36).
20
Let w be 446 + (0 - 4/8)*8. Suppose -2*a + w = x, x + 5*a = -201 + 628. Calculate the remainder when x is divided by 19.
15
Suppose -86*i = -87*i - 8. Let g(w) = -12*w + 104. Calculate the remainder when g(i) is divided by 29.
26
Let r = 21 - 19. What is the remainder when (-3)/45*-35*(-72)/(-28) is divided by r?
0
Suppose 12*r - 236 = 10*r. Let s be 120 - (2 + 1 + -3). Suppose 0 = 4*d - s. What is the remainder when r is divided by d?
28
Let a = 174 - 149. Suppose 0 = 5*m + a, -b + 50 = 2*b + 5*m. Let k(o) = -5*o - 8. What is the remainder when b is divided by k(-4)?
1
Suppose -5*n + 760 = -2*v, n - 56*v - 130 = -60*v. What is the remainder when 592 is divided by n?
142
Suppose -316 = -3*o + 4*s + 584, 4*o - 1192 = 4*s. Calculate the remainder when 1147 is divided by o.
271
Let w = 2655 - 1850. Calculate the remainder when w is divided by 25.
5
What is the remainder when 811 is divided by (-1)/(-4)*(-17 + 15) - 166/(-4)?
32
Let o = -4 + 11. Suppose -1008 = -8*k + 12*k. Calculate the remainder when -7*9/(k/80) is divided by o.
6
Suppose 7*k = -137 + 32. Let q(p) = -3*p**2 - 58*p + 6. Calculate the remainder when q(k) is divided by 7.
5
Suppose -4*p - 2*j - 2690 = 0, 2*j = 5*p - 1137 + 4522. Let l = p - -811. What is the remainder when l is divided by 23?
21
Suppose -825 = 2*y + 13*y. Let r = -121 - -79. Let s = r - y. What is the remainder when 48 is divided by s?
9
Let z(s) = -s**3 - 4*s**2 - s - 10. Let y be z(-7). Let g = y + -101. Suppose 0 = -l + 102 + g. What is the remainder when l is divided by 49?
47
Let w(q) = 4*q**3 - 3*q**2 - 3 - 9*q**3 + 4*q**3 + 5*q + 8. Let u be w(-4). Suppose -u = 2*p - 55. Calculate the remainder when p is divided by 7.
6
Let f be (6/9)/((-2)/(-3)). Let p(m) = 15*m - 913. What is the remainder when p(64) is divided by (2 + -3)*f - -14?
8
Let m be 1 - ((-66 - 4/1) + 5). Suppose -13*p - 2 = -67. Suppose 49 = p*v - m. Calculate the remainder when 64 is divided by v.
18
Suppose 3*w - 4*f - 1065 = -2*w, -3*w + 4*f + 647 = 0. What is the remainder when 17972 is divided by w?
207
What is the remainder when (5*(-14)/(-35) - -9) + 1246 is divided by 63?
60
Suppose 11*o + q - 115 = 7*o, -4*q = 4*o - 100. Suppose -f = 5*u - o, 2*f + 42 = 5*f - u. Calculate the remainder when 60 is divided by f.
0
Let o = 189 + -126. What is the remainder when 421 is divided by (954/o)/(8/28)?
50
Suppose -p + 110 = t + 4*t, 3*p - 5*t = 290. Suppose 477 - 219 = 163*l - 4469. What is the remainder when p is divided by l?
13
Let t(j) = 8*j - 7. Suppose -y - 3*y + 24 = 0. Calculate the remainder when (836/8 - 3)*(43 - 41) is divided by t(y).
39
Suppose 4*q = 5*a - 389, a + 0*q - 3*q = 80. What is the remainder when a is divided by 45/((-1035)/(-46)) - (-12*1 - -1)?
12
Let h be (-2)/11 + 144/66. Suppose -28 = -5*s - 4*d, d + 4 = -h*s + 14. Calculate the remainder when ((-14)/(-10) - 1) + (-2448)/(-255) is divided by s.
2
Let t be 6*2/8 - 18/(-12). Suppose -t*v + 78 = -3*r, 4*v = 6*v + 2*r - 48. Calculate the remainder when 147 is divided by v.
22
Let p = -254 - -349. Let r(i) = 5 + 5*i + 0*i**2 - 3*i**2 + 6*i**2. Calculate the remainder when p is divided by r(-4).
29
Let g = -96781 + 96801. Let h(q) = 5*q**2 + 4*q + 2. Let j(a) = -a - 8. Let t be j(-6). Calculate the remainder when g is divided by h(t).
6
Let x = -123 - -127. Suppose 4*y + 3*q = 62, 7 = q + 5. Calculate the remainder when y is divided by x.
2
Let v = -314 - -277. What is the remainder when 146 is divided by 44 + v - (1 - 19)?
21
Let v be 4/3 - (3 + 40/3). Let j be 5/v - (-44)/6. Suppose -3*s + 61 = j. What is the remainder when 33 is divided by s?
15
Let j(i) = 5*i**3 + 76*i**2 + 2*i. Calculate the remainder when j(-15) is divided by 87.
21
Let f be (-76)/10 + (-4)/10. Let o be (540/f)/(-9)*(-4)/(-6). Suppose o*z = 3*z + 132. Calculate the remainder when z is divided by 23.
20
Let n(o) = -4*o - 3. Suppose 117*t + 28 = 124*t. What is the remainder when n(-4) is divided by t?
1
Let q = 38 - 5. Suppose 38*f - 500 = q*f. Suppose -100 = -4*d - j, -d - 4*j = j - 6. Calculate the remainder when f is divided by d.
22
Let s(n) = -4*n**2 + 55*n. Let x(k) = 2*k**2 - 27*k - 1. Let r(t) = -4*s(t) - 7*x(t). What is the remainder when 60 is divided by r(17)?
2
Let t(h) = 2*h**3 + 43*h**2 - 121*h + 58. Calculate the remainder when 5492 is divided by t(-24).
80
Suppose 3*i - i - 4 = -2*l, 0 = -i - 3*l. Let h be (-3)/1*-3*(-2)/(-9). What is the remainder when (h + 4)*21/14 is divided by i?
0
Let z(f) = -13*f**3 - 4*f**2 - 57*f - 216. Calculate the remainder when 807 is divided by z(-4).
27
Suppose 3*j + 7*j + 1263 = 2123. Calculate the remainder when 854 is divided by j.
80
Calculate the remainder when 273 is divided by (-88)/(-2) - (-12 - -1).
53
Let m be ((-86)/6 + 3)*-3. Suppose -2*d + 4*d = m. Let h(z) = -3*z**3 + 2*z**2 - z - 2. What is the remainder when h(-2) is divided by d?
15
Let u(a) = 7*a**3 - 54*a**2 + 8*a - 154. Calculate the remainder when u(9) is divided by -1*1 + (1 - -81).
80
What is the remainder when (4/((-8)/(-586)))/(4/4) is divided by 43?
35
Suppose -3*b - 30 = -3*h, 2*h + 5*b + 4 = 38. Suppose -2*v + 4*k + 0 + 276 = 0, 5*v = -2*k + 702. Calculate the remainder when v/56 - 61/(-2) is divided by h.
9
Suppose -k - 103 = -59. What is the remainder when 43 is divided by (-1 - 0/2)*k/4?
10
Suppose -2*b + 2*q = -196, 4*q = b - 0*b - 89. Calculate the remainder when b is divided by (3 - 12/(-3)) + (-6 - 3 - -39).
27
Let n(r) be the third derivative of -r**6/120 + 7*r**5/60 + 19*r**4/24 + 5*r**3 - 12*r**2 - 5. What is the remainder when n(9) is divided by 10?
9
Let s be (4/10)/((-12)/15)*-28. Suppose -s*g + 880 = -4*g. Calculate the remainder when g is divided by 15.
13
Suppose 2*v = 2*j + 132, 3*v + 7*j = 3*j + 226. What is the remainder when 485 is divided by v?
65
Suppose 2912 = -5*r - 9*r. Let g = r + 213. What is the remainder when g is divided by 1?
0
Suppose 2*l - 860 = -3*b, -8*l - 3*b + 3530 = -6*b. What is the remainder when l is divided by 11?
10
Suppose -5*g - 254 = -4*c, -6*c = g - 4*c + 62. Calculate the remainder when (-4112)/(-36) + (1 - (-66)/g) is divided by 9.
6
Suppose 0 = 5*s + 10, -5*s - 10 = -4*o + o. Suppose o = 4*i - b - 891, 20*i - 4*b = 18*i + 442. Calculate the remainder when i is divided by 23.
16
Suppose 5*l + 61 = 5*p + 456, 4*l = 3*p + 311. Let w = -63 + l. What is the remainder when 49 is divided by w?
5
Suppose -3*a = -2*j + 19 + 1370, -4*j = 0. Let v = a + 519. What is the remainder when v is divided by 26?
4
Calculate the remainder when (-13*24/(-624))/((-2)/(-1408)) is divided by 160.
32
Let j = 241 - 241. Suppose j = 80*t - 87*t + 154. Calculate the remainder when t is divided by 5.
2
Let k(y) = 2*y**3 + 5*y**2 + y - 1. Let x be k(-2). Calculate the remainder when (-1 + 4)/((3/26)/x) is divided by 6.
2
Suppose -8*m + 35 + 44 = -97. Calculate the remainder when 2173 is divided by m.
17
Suppose -577 = -3*s + 2*s - 3*d, -5*s + 4*d + 2733 = 0. Calculate the remainder when s is divided by 210.
133
Let k = -15130 - -100. What is the remainder when (6/4 - 2)/(45/k) is divided by 19?
15
Let k(h) = 4*h - 21. Let t be k(10). Let f = t + -14. Suppose 0*n - 5*u = n - 69, 0 = 5*u - f. What is the remainder when n is divided by 11?
9
Let a be (-4598)/(-10) - 2/((-80)/8). Suppose 6*h - a = -124. What is the remainder when h is divided by 22?
12
Suppose 80*p - 77*p + 4*c - 16 = 0, -4*p = c - 17. Suppose 0 = -4*i - 0*i - 8. What is the remainder when p is divided by 2/1*i/(-4)?
0
Suppose 5*d + 34 = y - 0*d, -31 = -4*y - d. Suppose 0*m + 9*m - 312 = 3*m. Calculate the remainder when m is divided by y.
7
Let k(m) = -m**3 + 6*m**2 + 3*m - 14. Let z be k(6). What is the remainder when 145 is divided by (-8 + 2)*(2/z - 4)?
19
Let j(m) = 12*m - 30. Let t be j(2). Let k = 43 - t. Let b = -116 + 129. Calculate the remainder when k is divided by b.
10
Suppose 2*w + 3*u = 37, 4*w - 5*u = 2 + 17. Suppose 0 = 6*i - w*i + 345. Calculate the remainder when 275 is divided by i.
68
Let p be 22/11 - (-6 + 3 - -1). Suppose 87 = q + p*g, -3*q + q + 170 = 4*g. Let y(o) = o**2 + 6*o + 1. What is the remainder 